
Is 1685474756 a multiple of 14?
True
Is 2561 a factor of 153785489?
True
Is 83472250 a multiple of 5?
True
Is 1262 a factor of 46661188?
True
Is 1416719925 a multiple of 380?
False
Is 14 a factor of 575539091?
False
Is 2808732222 a multiple of 6445?
False
Is 56939547 a multiple of 3?
True
Is 392 a factor of 2223195856?
True
Is 59531344 a multiple of 15?
False
Is 16 a factor of 890793232?
True
Does 16 divide 764567507?
False
Is 3017 a factor of 46887197?
True
Is 3039525278 a multiple of 57?
False
Is 28537281 a multiple of 331?
False
Is 65145191 a multiple of 2?
False
Is 31 a factor of 7060476?
False
Is 29 a factor of 12702808?
False
Is 993 a factor of 3637704564?
True
Is 2023065405 a multiple of 775?
False
Is 37419301 a multiple of 31?
False
Is 32 a factor of 1276282997?
False
Does 1185 divide 67782638?
False
Is 1974 a factor of 60945276?
True
Is 357 a factor of 25455171?
True
Does 4283 divide 479860312?
False
Is 61390872 a multiple of 734?
False
Is 21 a factor of 37390157?
False
Does 100 divide 42181970?
False
Is 3559 a factor of 1622437771?
True
Is 12 a factor of 1968432?
True
Is 12134856 a multiple of 24?
True
Does 4 divide 2624836?
True
Is 1339 a factor of 3223609481?
False
Does 105 divide 2061279255?
True
Does 232 divide 39486214?
False
Does 1876 divide 11441199?
False
Does 100 divide 316315325?
False
Is 21 a factor of 208358232?
False
Is 103 a factor of 15253991?
True
Is 24995170 a multiple of 582?
False
Does 200 divide 166186579?
False
Is 15 a factor of 86594404?
False
Is 915101621 a multiple of 23?
True
Is 5593 a factor of 2275718991?
True
Does 9 divide 19221394?
False
Is 80 a factor of 31705040?
True
Is 498 a factor of 311250000?
True
Is 358909865 a multiple of 664?
False
Does 2518 divide 451066966?
True
Does 294 divide 44918202?
True
Is 1438311999 a multiple of 79?
True
Is 78485944 a multiple of 8?
True
Is 22569312 a multiple of 38?
False
Is 333 a factor of 762483420?
True
Does 956 divide 711318492?
True
Is 202943700 a multiple of 1871?
False
Is 1683 a factor of 25021552?
False
Is 3276259857 a multiple of 533?
True
Is 143 a factor of 121644491?
False
Is 1615 a factor of 367940605?
True
Is 513544429 a multiple of 875?
False
Does 3 divide 86638176?
True
Is 229404087 a multiple of 159?
True
Is 63617636 a multiple of 298?
True
Is 28 a factor of 2613481890?
False
Is 907 a factor of 70853122?
False
Is 317 a factor of 233111594?
False
Is 238768572 a multiple of 98?
True
Does 249 divide 119655705?
True
Is 573 a factor of 1310187425?
False
Is 3899019234 a multiple of 66?
True
Does 174 divide 2611014768?
True
Is 82 a factor of 34831829?
False
Is 702 a factor of 41873598?
True
Does 149 divide 9917433?
False
Is 2643872 a multiple of 352?
True
Is 6175624 a multiple of 728?
True
Does 24 divide 20210557?
False
Does 14 divide 738894030?
True
Is 816484040 a multiple of 719?
False
Is 18124328 a multiple of 804?
False
Does 354 divide 56715048?
True
Is 25727511 a multiple of 184?
False
Is 2470101172 a multiple of 5038?
True
Is 436918545 a multiple of 21?
True
Is 21 a factor of 149310588?
True
Is 761 a factor of 4906928?
True
Does 54 divide 1070835606?
True
Is 130721425 a multiple of 2831?
True
Is 20099747 a multiple of 198?
False
Is 34 a factor of 31305262?
True
Is 4 a factor of 21633162?
False
Is 3146576065 a multiple of 92?
False
Does 4464 divide 543626190?
False
Is 115518900 a multiple of 700?
True
Is 2346 a factor of 2546687888?
False
Does 371 divide 116919908?
True
Is 4006 a factor of 218412167?
False
Does 3070 divide 356518931?
False
Does 887 divide 357444520?
False
Does 4 divide 14646?
False
Does 944 divide 12701520?
True
Is 12591889 a multiple of 79?
True
Does 8774 divide 2669463249?
False
Is 169 a factor of 12871209?
True
Is 1232414748 a multiple of 18?
True
Is 61343929 a multiple of 3053?
True
Does 32 divide 28975616?
True
Is 14 a factor of 72777362?
True
Is 287215131 a multiple of 201?
True
Does 16 divide 72503393?
False
Is 29 a factor of 67054554?
True
Does 95 divide 109480185?
True
Is 15324 a factor of 3200555316?
True
Is 12 a factor of 39767144?
False
Does 383 divide 94521438?
False
Is 84009380 a multiple of 260?
True
Does 77 divide 2255355256?
True
Does 81 divide 1905636861?
True
Is 43 a factor of 21991066?
False
Does 48 divide 99344891?
False
Does 2857 divide 391988598?
False
Is 12020421 a multiple of 123?
True
Is 112993432 a multiple of 8?
True
Is 45065675 a multiple of 59?
True
Is 12 a factor of 5175192?
True
Is 159 a factor of 114300489?
True
Does 21 divide 54733758?
False
Is 28 a factor of 187626322?
False
Does 27 divide 13636350?
True
Is 12 a factor of 144794376?
True
Is 73 a factor of 451151268?
False
Is 1394 a factor of 1113761698?
False
Is 9967245 a multiple of 199?
False
Does 1061 divide 9038659?
True
Does 7 divide 24727752?
True
Is 2211659250 a multiple of 1300?
False
Is 154 a factor of 277151183?
False
Is 666785469 a multiple of 662?
False
Does 379 divide 33125464?
False
Is 261 a factor of 369308214?
True
Is 10 a factor of 314183280?
True
Is 126820578 a multiple of 40?
False
Is 2933 a factor of 250503965?
False
Does 297 divide 61978257?
True
Is 100 a factor of 1024358?
False
Does 862 divide 88135418?
False
Is 170 a factor of 1844575952?
False
Is 819875580 a multiple of 386?
True
Is 24 a factor of 4154883360?
True
Is 950 a factor of 161162906?
False
Is 1591678 a multiple of 71?
True
Is 880710 a multiple of 11?
False
Is 8465 a factor of 9379220?
True
Does 556 divide 2380616?
False
Is 237 a factor of 33070506?
True
Does 105 divide 1459579800?
True
Is 171 a factor of 35172970?
False
Is 39 a factor of 160544036?
False
Is 72150739 a multiple of 1369?
False
Does 537 divide 17607214?
False
Is 428 a factor of 291991092?
False
Does 1242 divide 800507502?
True
Does 85 divide 37785900?
True
Is 133 a factor of 30527357?
True
Is 12 a factor of 37439184?
True
Does 569 divide 10385957?
True
Is 49 a factor of 2708176?
False
Does 719 divide 1337338024?
False
Is 19766602 even?
True
Is 428165784 a multiple of 852?
True
Does 6 divide 36101946?
True
Is 75 a factor of 262382892?
False
Is 2270899348 a multiple of 6?
False
Is 86311163 a multiple of 10?
False
Is 1203 a factor of 19889738?
False
Is 444769655 a multiple of 73?
True
Is 369193108 a multiple of 6?
False
Is 1421910663 a multiple of 669?
True
Is 16177135 a multiple of 13?
True
Is 30083729 a multiple of 6?
False
Is 460665294 a multiple of 318?
True
Is 200734560 a multiple of 112?
False
Is 392 a factor of 1319496805?
False
Is 7370477 a multiple of 76?
False
Is 81279393 a multiple of 13?
True
Is 79 a factor of 17844867?
False
Is 3939297292 a multiple of 15?
False
Is 826 a factor of 67956902?
False
Is 305514511 a multiple of 183?
False
Is 7 a factor of 26485123?
True
Is 668476030 a multiple of 10?
True
Does 116 divide 530355248?
True
Does 427 divide 1474229456?
True
Is 551846504 a multiple of 892?
True
Is 49117586 a multiple of 100?
False
Is 36792304 a multiple of 16?
True
Does 33 divide 11405271?
False
Is 1322 a factor of 5373869491?
False
Is 4759 a factor of 973296403?
True
Does 92 divide 36797884?
True
Is 75 a factor of 10978050?
True
Does 879 divide 41196972?
True
Is 11 a factor of 8549167?
True
Is 20215074 a multiple of 48?
False
Is 4382445 a multiple of 33?
False
Does 355 divide 240905485?
True
Is 129861483 a multiple of 28?
False
Is 18 a factor of 1298470504?
False
Is 73227664 a multiple of 92?
False
Does 159 divide 30132405?
False
Is 415912128 a multiple of 64?
True
Is 114 a factor of 17887626?
True
Is 37 a factor of 1018477435?
False
Is 239922 a multiple of 18?
True
Does 30 divide 235737030?
True
Is 836 a factor of 9768660?
True
Is 11298794 a multiple of 246?
False
Is 11 a factor of 13229505?
False
Does 1033 divide 184925594?
True
Is 16567104 a multiple of 64?
True
Is 4124 a factor of 2533220612?
True
Does 8 divide 4028496?
True
Is 1860 a factor of 85852020?
True
Is 41755 a multiple of 8?
False
Is 208660400 a multiple of 2600?
True
Is 1373 a factor of 635925774?
False
Is 90 a factor of 98414531?
False
Does 533 divide 239637318?
False
Is 100 a factor of 1970011300?
True
Does 77 divide 631752660?
True
Does 256 divide 28137216?
True
Is 394274758 a multiple of 5?
False
Does 70 divide 168631190?
True
Is 2369033 a multiple of 1092?
False
Is 191 a factor of 520042315?
False
Does 138 divide